{"id":3442,"date":"2021-10-06T11:07:01","date_gmt":"2021-10-06T11:07:01","guid":{"rendered":"https:\/\/marina.swarpeca.es\/revista\/?page_id=3442"},"modified":"2021-10-08T07:50:33","modified_gmt":"2021-10-08T07:50:33","slug":"home","status":"publish","type":"page","link":"https:\/\/marina.swarpeca.es\/revista\/","title":{"rendered":"Papeles de Salud"},"content":{"rendered":"\t\r\n\t\t<div class=\"pld-post-list pld-ultima_noticia pld-clearfix\">\r\n\t\t\t\r\n\t\t\t<div class=\"pld-post-list-inr ultima_noticia\">\t\r\n\t<p class=\"ultima_noticia__titulo\">\u00daLTIMA PUBLICACI\u00d3N<\/p>\r\n\r\n\t<div class=\"pld-post-list-content pld-clearfix  \">\r\n\r\n\t\t\r\n\t\t\t<div class=\"pld-left-columns pld-medium-3 pld-columns\">\t\t\t\t\r\n\r\n\t\t\t\t\t<div class=\"pld-post-image-bg\">\t\r\n\r\n\t\t\t\t\t\t<a href=\"https:\/\/marina.swarpeca.es\/revista\/melatonina-biorregulador-metabolico-del-sueno-a-cualquier-edad\/\">\t\r\n\r\n\t\t\t\t\t\t\t<img decoding=\"async\" src=\"https:\/\/marina.swarpeca.es\/revista\/wp-content\/uploads\/2012\/11\/arton1814.png\" alt=\"Melatonina: biorregulador metab\u00f3lico del sue\u00f1o a cualquier edad\" \/>\r\n\r\n\t\t\t\t\t\t<\/a>\r\n\r\n\t\t\t\t\t<\/div>\t\t\t\r\n\r\n\t\t\t<\/div>\r\n\r\n\t\t\r\n\t\t<div class=\"pld-right-columns pld-medium-9 pld-columns\">\r\n\r\n\t\t\t\r\n\t\t\t\t<div class=\"pld-post-categories\">\r\n\r\n\t\t\t\t\t<a href=\"https:\/\/marina.swarpeca.es\/revista\/category\/medicina-natural\/nutricion\/\">Nutrici\u00f3n<\/a>\r\n\t\t\t\t<\/div>\r\n\r\n\t\t\t\r\n\t\t\t<h2 class=\"pld-post-title\">\t\t\r\n\r\n\t\t\t\t<a href=\"https:\/\/marina.swarpeca.es\/revista\/melatonina-biorregulador-metabolico-del-sueno-a-cualquier-edad\/\">Melatonina: biorregulador metab\u00f3lico del sue\u00f1o a cualquier edad<\/a>\r\n\r\n\t\t\t<\/h2>\r\n\r\n\t\t\t\t\t\r\n\r\n\t\t\t\t<div class=\"pld-post-meta\">\t\r\n\r\n\t\t\t\t\t25 de abril de 2022\r\n\t\t\t\t<\/div>\r\n\r\n\t\t\t\r\n\t\t\t\t\t\r\n\r\n\t\t\t\t<div class=\"pld-post-content\">\t\t\t\t\r\n\r\n\t\t\t\t\t\t<a class=\"pld-readmorebtn\" href=\"https:\/\/marina.swarpeca.es\/revista\/melatonina-biorregulador-metabolico-del-sueno-a-cualquier-edad\/\">Leer m\u00e1s<\/a>\t\t\t\t\t\r\n\r\n\t\t\t\t<\/div>\r\n\r\n\t\t\t\r\n\r\n\t\t<\/div>\r\n\r\n\t<\/div>\r\n\r\n<\/div>\r\n\t\t\t\t\t<div class=\"pld-pagination pld-clearfix\">\r\n\r\n\t\t\t\t<span aria-current=\"page\" class=\"page-numbers current\">1<\/span>\n<a class=\"page-numbers\" href=\"https:\/\/marina.swarpeca.es\/revista\/wp-json\/wp\/v2\/pages\/3442\/page\/2\/\">2<\/a>\n<a class=\"page-numbers\" href=\"https:\/\/marina.swarpeca.es\/revista\/wp-json\/wp\/v2\/pages\/3442\/page\/3\/\">3<\/a>\n<span class=\"page-numbers dots\">&hellip;<\/span>\n<a class=\"page-numbers\" href=\"https:\/\/marina.swarpeca.es\/revista\/wp-json\/wp\/v2\/pages\/3442\/page\/733\/\">733<\/a>\n<a class=\"next page-numbers\" href=\"https:\/\/marina.swarpeca.es\/revista\/wp-json\/wp\/v2\/pages\/3442\/page\/2\/\">Pr\u00f3xima &raquo;<\/a>\t\t\t<\/div>\r\n\t\t\t<\/div>\r\n\t\n\n\n\n<p class=\"titulo\">Medicina natural<\/p>\n\n\n\t\r\n\t\t<div class=\"pld-post-list pld-entradas_por_categoria pld-clearfix\">\r\n\t\t\t\r\n\t\t\t<div class=\"pld-post-list-inr entradas_por_categoria\">\r\n\t<div class=\"pld-post-list-content pld-clearfix  \">\r\n\r\n\t\t\r\n\t\t\t<div class=\"pld-left-columns pld-columns\">\r\n\r\n\r\n\t\t\t\t<div class=\"pld-post-image-bg\" style=\"background-image:url(https:\/\/marina.swarpeca.es\/revista\/wp-content\/uploads\/2012\/11\/arton1814.png);\">\r\n\t\t\t\t\t<div class=\"pld-right-columns pld-medium-12 pld-columns\">\r\n\r\n\t\t\t\t\t\t\t\t\t\t\t\t\t<div class=\"pld-post-categories\">\r\n\t\t\t\t\t\t\t\t<a href=\"https:\/\/marina.swarpeca.es\/revista\/category\/medicina-natural\/nutricion\/\">Nutrici\u00f3n<\/a>\t\t\t\t\t\t\t<\/div>\r\n\t\t\t\t\t\t\t\t\t\t\t\t\r\n\t\t\t\t\t<\/div>\r\n\t\t\t\t<\/div>\r\n\t\t\t\t\t\t\t\t\t<div class=\"pld-post-meta\">\r\n\t\t\t\t\t\t25 de abril de 2022\t\t\t\t\t<\/div>\r\n\t\t\t\t\t\t\t\t<h2 class=\"pld-post-title\">\r\n\t\t\t\t\t<a href=\"https:\/\/marina.swarpeca.es\/revista\/melatonina-biorregulador-metabolico-del-sueno-a-cualquier-edad\/\">Melatonina: biorregulador metab\u00f3lico del sue\u00f1o a cualquier edad<\/a>\r\n\t\t\t\t<\/h2>\r\n\t\t\t<\/div>\r\n\r\n\t\t\r\n\r\n\t<\/div>\r\n\r\n<\/div><div class=\"pld-post-list-inr entradas_por_categoria\">\r\n\t<div class=\"pld-post-list-content pld-clearfix no-thumb-image \">\r\n\r\n\t\t\r\n\r\n\t<\/div>\r\n\r\n<\/div><div class=\"pld-post-list-inr entradas_por_categoria\">\r\n\t<div class=\"pld-post-list-content pld-clearfix  \">\r\n\r\n\t\t\r\n\t\t\t<div class=\"pld-left-columns pld-columns\">\r\n\r\n\r\n\t\t\t\t<div class=\"pld-post-image-bg\" style=\"background-image:url(https:\/\/marina.swarpeca.es\/revista\/wp-content\/uploads\/2009\/01\/arton261.gif);\">\r\n\t\t\t\t\t<div class=\"pld-right-columns pld-medium-12 pld-columns\">\r\n\r\n\t\t\t\t\t\t\t\t\t\t\t\t\t<div class=\"pld-post-categories\">\r\n\t\t\t\t\t\t\t\t<a href=\"https:\/\/marina.swarpeca.es\/revista\/category\/medicina-natural\/trastornos-de-salud\/\">Trastornos de salud<\/a>\t\t\t\t\t\t\t<\/div>\r\n\t\t\t\t\t\t\t\t\t\t\t\t\r\n\t\t\t\t\t<\/div>\r\n\t\t\t\t<\/div>\r\n\t\t\t\t\t\t\t\t\t<div class=\"pld-post-meta\">\r\n\t\t\t\t\t\t28 de noviembre de 2021\t\t\t\t\t<\/div>\r\n\t\t\t\t\t\t\t\t<h2 class=\"pld-post-title\">\r\n\t\t\t\t\t<a href=\"https:\/\/marina.swarpeca.es\/revista\/algunos-aliados-del-organismo-ante-el-invierno-y-las-fiestas\/\">Algunos aliados del organismo ante el invierno y las fiestas<\/a>\r\n\t\t\t\t<\/h2>\r\n\t\t\t<\/div>\r\n\r\n\t\t\r\n\r\n\t<\/div>\r\n\r\n<\/div>\r\n\t\t\t\t\t<div class=\"pld-pagination pld-clearfix\">\r\n\r\n\t\t\t\t<span aria-current=\"page\" class=\"page-numbers current\">1<\/span>\n<a class=\"page-numbers\" href=\"https:\/\/marina.swarpeca.es\/revista\/wp-json\/wp\/v2\/pages\/3442\/page\/2\/\">2<\/a>\n<a class=\"page-numbers\" href=\"https:\/\/marina.swarpeca.es\/revista\/wp-json\/wp\/v2\/pages\/3442\/page\/3\/\">3<\/a>\n<span class=\"page-numbers dots\">&hellip;<\/span>\n<a class=\"page-numbers\" href=\"https:\/\/marina.swarpeca.es\/revista\/wp-json\/wp\/v2\/pages\/3442\/page\/51\/\">51<\/a>\n<a class=\"next page-numbers\" href=\"https:\/\/marina.swarpeca.es\/revista\/wp-json\/wp\/v2\/pages\/3442\/page\/2\/\">Pr\u00f3xima &raquo;<\/a>\t\t\t<\/div>\r\n\t\t\t<\/div>\r\n\t\n\n\n\n<p class=\"titulo\">Plantas medicinales<\/p>\n\n\n\t\r\n\t\t<div class=\"pld-post-list pld-entradas_por_categoria pld-clearfix\">\r\n\t\t\t\r\n\t\t\t<div class=\"pld-post-list-inr entradas_por_categoria\">\r\n\t<div class=\"pld-post-list-content pld-clearfix  \">\r\n\r\n\t\t\r\n\t\t\t<div class=\"pld-left-columns pld-columns\">\r\n\r\n\r\n\t\t\t\t<div class=\"pld-post-image-bg\" style=\"background-image:url(https:\/\/marina.swarpeca.es\/revista\/wp-content\/uploads\/2013\/08\/arton2061.jpg);\">\r\n\t\t\t\t\t<div class=\"pld-right-columns pld-medium-12 pld-columns\">\r\n\r\n\t\t\t\t\t\t\t\t\t\t\t\t\t<div class=\"pld-post-categories\">\r\n\t\t\t\t\t\t\t\t<a href=\"https:\/\/marina.swarpeca.es\/revista\/category\/plantas-medicinales\/hemeroteca-plantas-medicinales\/\">Hemeroteca<\/a>\t\t\t\t\t\t\t<\/div>\r\n\t\t\t\t\t\t\t\t\t\t\t\t\r\n\t\t\t\t\t<\/div>\r\n\t\t\t\t<\/div>\r\n\t\t\t\t\t\t\t\t\t<div class=\"pld-post-meta\">\r\n\t\t\t\t\t\t1 de agosto de 2013\t\t\t\t\t<\/div>\r\n\t\t\t\t\t\t\t\t<h2 class=\"pld-post-title\">\r\n\t\t\t\t\t<a href=\"https:\/\/marina.swarpeca.es\/revista\/el-consumo-de-espirulina-en-el-embarazo-bloquea-el-dano-del-cadmio-en-el-desarrollo-de-los-bebes\/\">El consumo de espirulina en el embarazo bloquea el da\u00f1o del cadmio en el desarrollo de los beb\u00e9s<\/a>\r\n\t\t\t\t<\/h2>\r\n\t\t\t<\/div>\r\n\r\n\t\t\r\n\r\n\t<\/div>\r\n\r\n<\/div><div class=\"pld-post-list-inr entradas_por_categoria\">\r\n\t<div class=\"pld-post-list-content pld-clearfix  \">\r\n\r\n\t\t\r\n\t\t\t<div class=\"pld-left-columns pld-columns\">\r\n\r\n\r\n\t\t\t\t<div class=\"pld-post-image-bg\" style=\"background-image:url(https:\/\/marina.swarpeca.es\/revista\/wp-content\/uploads\/2012\/11\/arton1978.jpg);\">\r\n\t\t\t\t\t<div class=\"pld-right-columns pld-medium-12 pld-columns\">\r\n\r\n\t\t\t\t\t\t\t\t\t\t\t\t\t<div class=\"pld-post-categories\">\r\n\t\t\t\t\t\t\t\t<a href=\"https:\/\/marina.swarpeca.es\/revista\/category\/plantas-medicinales\/hemeroteca-plantas-medicinales\/\">Hemeroteca<\/a>\t\t\t\t\t\t\t<\/div>\r\n\t\t\t\t\t\t\t\t\t\t\t\t\r\n\t\t\t\t\t<\/div>\r\n\t\t\t\t<\/div>\r\n\t\t\t\t\t\t\t\t\t<div class=\"pld-post-meta\">\r\n\t\t\t\t\t\t29 de noviembre de 2012\t\t\t\t\t<\/div>\r\n\t\t\t\t\t\t\t\t<h2 class=\"pld-post-title\">\r\n\t\t\t\t\t<a href=\"https:\/\/marina.swarpeca.es\/revista\/te-negro-su-consumo-se-asocia-con-un-menor-riesgo-de-diabetes\/\">T\u00e9 negro: su consumo se asocia con un menor riesgo de diabetes<\/a>\r\n\t\t\t\t<\/h2>\r\n\t\t\t<\/div>\r\n\r\n\t\t\r\n\r\n\t<\/div>\r\n\r\n<\/div><div class=\"pld-post-list-inr entradas_por_categoria\">\r\n\t<div class=\"pld-post-list-content pld-clearfix  \">\r\n\r\n\t\t\r\n\t\t\t<div class=\"pld-left-columns pld-columns\">\r\n\r\n\r\n\t\t\t\t<div class=\"pld-post-image-bg\" style=\"background-image:url(https:\/\/marina.swarpeca.es\/revista\/wp-content\/uploads\/2012\/10\/arton1960.jpg);\">\r\n\t\t\t\t\t<div class=\"pld-right-columns pld-medium-12 pld-columns\">\r\n\r\n\t\t\t\t\t\t\t\t\t\t\t\t\t<div class=\"pld-post-categories\">\r\n\t\t\t\t\t\t\t\t<a href=\"https:\/\/marina.swarpeca.es\/revista\/category\/plantas-medicinales\/hemeroteca-plantas-medicinales\/\">Hemeroteca<\/a>\t\t\t\t\t\t\t<\/div>\r\n\t\t\t\t\t\t\t\t\t\t\t\t\r\n\t\t\t\t\t<\/div>\r\n\t\t\t\t<\/div>\r\n\t\t\t\t\t\t\t\t\t<div class=\"pld-post-meta\">\r\n\t\t\t\t\t\t30 de octubre de 2012\t\t\t\t\t<\/div>\r\n\t\t\t\t\t\t\t\t<h2 class=\"pld-post-title\">\r\n\t\t\t\t\t<a href=\"https:\/\/marina.swarpeca.es\/revista\/arandano-rojo-americano-cranberry-previene-las-infecciones-urinarias\/\">Ar\u00e1ndano rojo americano &#8216;cranberry&#8217; previene las infecciones urinarias<\/a>\r\n\t\t\t\t<\/h2>\r\n\t\t\t<\/div>\r\n\r\n\t\t\r\n\r\n\t<\/div>\r\n\r\n<\/div>\r\n\t\t\t\t\t<div class=\"pld-pagination pld-clearfix\">\r\n\r\n\t\t\t\t<span aria-current=\"page\" class=\"page-numbers current\">1<\/span>\n<a class=\"page-numbers\" href=\"https:\/\/marina.swarpeca.es\/revista\/wp-json\/wp\/v2\/pages\/3442\/page\/2\/\">2<\/a>\n<a class=\"page-numbers\" href=\"https:\/\/marina.swarpeca.es\/revista\/wp-json\/wp\/v2\/pages\/3442\/page\/3\/\">3<\/a>\n<span class=\"page-numbers dots\">&hellip;<\/span>\n<a class=\"page-numbers\" href=\"https:\/\/marina.swarpeca.es\/revista\/wp-json\/wp\/v2\/pages\/3442\/page\/30\/\">30<\/a>\n<a class=\"next page-numbers\" href=\"https:\/\/marina.swarpeca.es\/revista\/wp-json\/wp\/v2\/pages\/3442\/page\/2\/\">Pr\u00f3xima &raquo;<\/a>\t\t\t<\/div>\r\n\t\t\t<\/div>\r\n\t\n\n\n\n<p class=\"titulo\">Ecolog\u00eda social<\/p>\n\n\n\t\r\n\t\t<div class=\"pld-post-list pld-entradas_por_categoria pld-clearfix\">\r\n\t\t\t\r\n\t\t\t<div class=\"pld-post-list-inr entradas_por_categoria\">\r\n\t<div class=\"pld-post-list-content pld-clearfix  \">\r\n\r\n\t\t\r\n\t\t\t<div class=\"pld-left-columns pld-columns\">\r\n\r\n\r\n\t\t\t\t<div class=\"pld-post-image-bg\" style=\"background-image:url(https:\/\/marina.swarpeca.es\/revista\/wp-content\/uploads\/2013\/02\/arton2021.jpg);\">\r\n\t\t\t\t\t<div class=\"pld-right-columns pld-medium-12 pld-columns\">\r\n\r\n\t\t\t\t\t\t\t\t\t\t\t\t\t<div class=\"pld-post-categories\">\r\n\t\t\t\t\t\t\t\t<a href=\"https:\/\/marina.swarpeca.es\/revista\/category\/ecologia-social\/\">Ecolog\u00eda Social<\/a>\t\t\t\t\t\t\t<\/div>\r\n\t\t\t\t\t\t\t\t\t\t\t\t\r\n\t\t\t\t\t<\/div>\r\n\t\t\t\t<\/div>\r\n\t\t\t\t\t\t\t\t\t<div class=\"pld-post-meta\">\r\n\t\t\t\t\t\t19 de febrero de 2013\t\t\t\t\t<\/div>\r\n\t\t\t\t\t\t\t\t<h2 class=\"pld-post-title\">\r\n\t\t\t\t\t<a href=\"https:\/\/marina.swarpeca.es\/revista\/apicultores-ecologistas-y-ambientalistas-por-la-prohibicion-de-los-plaguicidas-neurotoxicos\/\">Apicultores, ecologistas y ambientalistas por la prohibici\u00f3n de los plaguicidas neurot\u00f3xicos<\/a>\r\n\t\t\t\t<\/h2>\r\n\t\t\t<\/div>\r\n\r\n\t\t\r\n\r\n\t<\/div>\r\n\r\n<\/div><div class=\"pld-post-list-inr entradas_por_categoria\">\r\n\t<div class=\"pld-post-list-content pld-clearfix  \">\r\n\r\n\t\t\r\n\t\t\t<div class=\"pld-left-columns pld-columns\">\r\n\r\n\r\n\t\t\t\t<div class=\"pld-post-image-bg\" style=\"background-image:url(https:\/\/marina.swarpeca.es\/revista\/wp-content\/uploads\/2012\/12\/arton1983.jpg);\">\r\n\t\t\t\t\t<div class=\"pld-right-columns pld-medium-12 pld-columns\">\r\n\r\n\t\t\t\t\t\t\t\t\t\t\t\t\t<div class=\"pld-post-categories\">\r\n\t\t\t\t\t\t\t\t<a href=\"https:\/\/marina.swarpeca.es\/revista\/category\/ecologia-social\/\">Ecolog\u00eda Social<\/a>\t\t\t\t\t\t\t<\/div>\r\n\t\t\t\t\t\t\t\t\t\t\t\t\r\n\t\t\t\t\t<\/div>\r\n\t\t\t\t<\/div>\r\n\t\t\t\t\t\t\t\t\t<div class=\"pld-post-meta\">\r\n\t\t\t\t\t\t7 de diciembre de 2012\t\t\t\t\t<\/div>\r\n\t\t\t\t\t\t\t\t<h2 class=\"pld-post-title\">\r\n\t\t\t\t\t<a href=\"https:\/\/marina.swarpeca.es\/revista\/petition-science-et-conscience\/\">P\u00e9tition: Science et conscience<\/a>\r\n\t\t\t\t<\/h2>\r\n\t\t\t<\/div>\r\n\r\n\t\t\r\n\r\n\t<\/div>\r\n\r\n<\/div><div class=\"pld-post-list-inr entradas_por_categoria\">\r\n\t<div class=\"pld-post-list-content pld-clearfix  \">\r\n\r\n\t\t\r\n\t\t\t<div class=\"pld-left-columns pld-columns\">\r\n\r\n\r\n\t\t\t\t<div class=\"pld-post-image-bg\" style=\"background-image:url(https:\/\/marina.swarpeca.es\/revista\/wp-content\/uploads\/2012\/12\/arton1980.jpg);\">\r\n\t\t\t\t\t<div class=\"pld-right-columns pld-medium-12 pld-columns\">\r\n\r\n\t\t\t\t\t\t\t\t\t\t\t\t\t<div class=\"pld-post-categories\">\r\n\t\t\t\t\t\t\t\t<a href=\"https:\/\/marina.swarpeca.es\/revista\/category\/ecologia-social\/\">Ecolog\u00eda Social<\/a>\t\t\t\t\t\t\t<\/div>\r\n\t\t\t\t\t\t\t\t\t\t\t\t\r\n\t\t\t\t\t<\/div>\r\n\t\t\t\t<\/div>\r\n\t\t\t\t\t\t\t\t\t<div class=\"pld-post-meta\">\r\n\t\t\t\t\t\t1 de diciembre de 2012\t\t\t\t\t<\/div>\r\n\t\t\t\t\t\t\t\t<h2 class=\"pld-post-title\">\r\n\t\t\t\t\t<a href=\"https:\/\/marina.swarpeca.es\/revista\/el-dioxido-de-carbono-suaviza-el-clima-de-la-actual-epoca-glacial-segun-investigadores-de-la-universidad-de-gothenburg-suecia\/\">El di\u00f3xido de carbono suaviza el clima de la actual \u00e9poca glacial, seg\u00fan investigadores de la Universidad de Gothenburg (Suecia)<\/a>\r\n\t\t\t\t<\/h2>\r\n\t\t\t<\/div>\r\n\r\n\t\t\r\n\r\n\t<\/div>\r\n\r\n<\/div>\r\n\t\t\t\t\t<div class=\"pld-pagination pld-clearfix\">\r\n\r\n\t\t\t\t<span aria-current=\"page\" class=\"page-numbers current\">1<\/span>\n<a class=\"page-numbers\" href=\"https:\/\/marina.swarpeca.es\/revista\/wp-json\/wp\/v2\/pages\/3442\/page\/2\/\">2<\/a>\n<a class=\"page-numbers\" href=\"https:\/\/marina.swarpeca.es\/revista\/wp-json\/wp\/v2\/pages\/3442\/page\/3\/\">3<\/a>\n<span class=\"page-numbers dots\">&hellip;<\/span>\n<a class=\"page-numbers\" href=\"https:\/\/marina.swarpeca.es\/revista\/wp-json\/wp\/v2\/pages\/3442\/page\/30\/\">30<\/a>\n<a class=\"next page-numbers\" href=\"https:\/\/marina.swarpeca.es\/revista\/wp-json\/wp\/v2\/pages\/3442\/page\/2\/\">Pr\u00f3xima &raquo;<\/a>\t\t\t<\/div>\r\n\t\t\t<\/div>\r\n\t\n\n\n\n<p class=\"titulo\">Hemeroteca<\/p>\n\n\n\t\r\n\t\t<div class=\"pld-post-list pld-entradas_por_categoria pld-clearfix\">\r\n\t\t\t\r\n\t\t\t<div class=\"pld-post-list-inr entradas_por_categoria\">\r\n\t<div class=\"pld-post-list-content pld-clearfix  \">\r\n\r\n\t\t\r\n\t\t\t<div class=\"pld-left-columns pld-columns\">\r\n\r\n\r\n\t\t\t\t<div class=\"pld-post-image-bg\" style=\"background-image:url(https:\/\/marina.swarpeca.es\/revista\/wp-content\/uploads\/2015\/12\/arton2169.jpg);\">\r\n\t\t\t\t\t<div class=\"pld-right-columns pld-medium-12 pld-columns\">\r\n\r\n\t\t\t\t\t\t\t\t\t\t\t\t\t<div class=\"pld-post-categories\">\r\n\t\t\t\t\t\t\t\t<a href=\"https:\/\/marina.swarpeca.es\/revista\/category\/hemeroteca\/\">Hemeroteca<\/a>\t\t\t\t\t\t\t<\/div>\r\n\t\t\t\t\t\t\t\t\t\t\t\t\r\n\t\t\t\t\t<\/div>\r\n\t\t\t\t<\/div>\r\n\t\t\t\t\t\t\t\t\t<div class=\"pld-post-meta\">\r\n\t\t\t\t\t\t4 de diciembre de 2015\t\t\t\t\t<\/div>\r\n\t\t\t\t\t\t\t\t<h2 class=\"pld-post-title\">\r\n\t\t\t\t\t<a href=\"https:\/\/marina.swarpeca.es\/revista\/el-aire-contaminado-principal-factor-de-riesgo-europeo-de-salud-ambiental\/\">El aire contaminado, principal factor de riesgo europeo de salud ambiental<\/a>\r\n\t\t\t\t<\/h2>\r\n\t\t\t<\/div>\r\n\r\n\t\t\r\n\r\n\t<\/div>\r\n\r\n<\/div><div class=\"pld-post-list-inr entradas_por_categoria\">\r\n\t<div class=\"pld-post-list-content pld-clearfix  \">\r\n\r\n\t\t\r\n\t\t\t<div class=\"pld-left-columns pld-columns\">\r\n\r\n\r\n\t\t\t\t<div class=\"pld-post-image-bg\" style=\"background-image:url(https:\/\/marina.swarpeca.es\/revista\/wp-content\/uploads\/2015\/06\/arton2140.jpg);\">\r\n\t\t\t\t\t<div class=\"pld-right-columns pld-medium-12 pld-columns\">\r\n\r\n\t\t\t\t\t\t\t\t\t\t\t\t\t<div class=\"pld-post-categories\">\r\n\t\t\t\t\t\t\t\t<a href=\"https:\/\/marina.swarpeca.es\/revista\/category\/hemeroteca\/breves\/\">Breves<\/a>\t\t\t\t\t\t\t<\/div>\r\n\t\t\t\t\t\t\t\t\t\t\t\t\r\n\t\t\t\t\t<\/div>\r\n\t\t\t\t<\/div>\r\n\t\t\t\t\t\t\t\t\t<div class=\"pld-post-meta\">\r\n\t\t\t\t\t\t16 de junio de 2015\t\t\t\t\t<\/div>\r\n\t\t\t\t\t\t\t\t<h2 class=\"pld-post-title\">\r\n\t\t\t\t\t<a href=\"https:\/\/marina.swarpeca.es\/revista\/22-alimentos-anticancer\/\">22 alimentos antic\u00e1ncer<\/a>\r\n\t\t\t\t<\/h2>\r\n\t\t\t<\/div>\r\n\r\n\t\t\r\n\r\n\t<\/div>\r\n\r\n<\/div><div class=\"pld-post-list-inr entradas_por_categoria\">\r\n\t<div class=\"pld-post-list-content pld-clearfix  \">\r\n\r\n\t\t\r\n\t\t\t<div class=\"pld-left-columns pld-columns\">\r\n\r\n\r\n\t\t\t\t<div class=\"pld-post-image-bg\" style=\"background-image:url(https:\/\/marina.swarpeca.es\/revista\/wp-content\/uploads\/2014\/10\/arton2099.jpg);\">\r\n\t\t\t\t\t<div class=\"pld-right-columns pld-medium-12 pld-columns\">\r\n\r\n\t\t\t\t\t\t\t\t\t\t\t\t\t<div class=\"pld-post-categories\">\r\n\t\t\t\t\t\t\t\t<a href=\"https:\/\/marina.swarpeca.es\/revista\/category\/hemeroteca\/breves\/\">Breves<\/a>\t\t\t\t\t\t\t<\/div>\r\n\t\t\t\t\t\t\t\t\t\t\t\t\r\n\t\t\t\t\t<\/div>\r\n\t\t\t\t<\/div>\r\n\t\t\t\t\t\t\t\t\t<div class=\"pld-post-meta\">\r\n\t\t\t\t\t\t22 de octubre de 2014\t\t\t\t\t<\/div>\r\n\t\t\t\t\t\t\t\t<h2 class=\"pld-post-title\">\r\n\t\t\t\t\t<a href=\"https:\/\/marina.swarpeca.es\/revista\/assange-ee-uu-restringira-el-acceso-a-tratamientos-baratos-contra-el-cancer\/\">Assange: EE.UU. restringir\u00e1 el acceso a tratamientos baratos contra el c\u00e1ncer<\/a>\r\n\t\t\t\t<\/h2>\r\n\t\t\t<\/div>\r\n\r\n\t\t\r\n\r\n\t<\/div>\r\n\r\n<\/div>\r\n\t\t\t\t\t<div class=\"pld-pagination pld-clearfix\">\r\n\r\n\t\t\t\t<span aria-current=\"page\" class=\"page-numbers current\">1<\/span>\n<a class=\"page-numbers\" href=\"https:\/\/marina.swarpeca.es\/revista\/wp-json\/wp\/v2\/pages\/3442\/page\/2\/\">2<\/a>\n<a class=\"page-numbers\" href=\"https:\/\/marina.swarpeca.es\/revista\/wp-json\/wp\/v2\/pages\/3442\/page\/3\/\">3<\/a>\n<span class=\"page-numbers dots\">&hellip;<\/span>\n<a class=\"page-numbers\" href=\"https:\/\/marina.swarpeca.es\/revista\/wp-json\/wp\/v2\/pages\/3442\/page\/18\/\">18<\/a>\n<a class=\"next page-numbers\" href=\"https:\/\/marina.swarpeca.es\/revista\/wp-json\/wp\/v2\/pages\/3442\/page\/2\/\">Pr\u00f3xima &raquo;<\/a>\t\t\t<\/div>\r\n\t\t\t<\/div>\r\n\t\n\n\n\n<p><\/p>\n","protected":false},"excerpt":{"rendered":"<p>Medicina natural Plantas medicinales Ecolog\u00eda social Hemeroteca<\/p>\n","protected":false},"author":1,"featured_media":0,"parent":0,"menu_order":0,"comment_status":"closed","ping_status":"closed","template":"","meta":{"footnotes":""},"_links":{"self":[{"href":"https:\/\/marina.swarpeca.es\/revista\/wp-json\/wp\/v2\/pages\/3442"}],"collection":[{"href":"https:\/\/marina.swarpeca.es\/revista\/wp-json\/wp\/v2\/pages"}],"about":[{"href":"https:\/\/marina.swarpeca.es\/revista\/wp-json\/wp\/v2\/types\/page"}],"author":[{"embeddable":true,"href":"https:\/\/marina.swarpeca.es\/revista\/wp-json\/wp\/v2\/users\/1"}],"replies":[{"embeddable":true,"href":"https:\/\/marina.swarpeca.es\/revista\/wp-json\/wp\/v2\/comments?post=3442"}],"version-history":[{"count":33,"href":"https:\/\/marina.swarpeca.es\/revista\/wp-json\/wp\/v2\/pages\/3442\/revisions"}],"predecessor-version":[{"id":3479,"href":"https:\/\/marina.swarpeca.es\/revista\/wp-json\/wp\/v2\/pages\/3442\/revisions\/3479"}],"wp:attachment":[{"href":"https:\/\/marina.swarpeca.es\/revista\/wp-json\/wp\/v2\/media?parent=3442"}],"curies":[{"name":"wp","href":"https:\/\/api.w.org\/{rel}","templated":true}]}}